ommon factor of y and 612?
36
Let w be ((-1 - 4) + 7)/((-2)/(-35)). What is the greatest common divisor of 14 and w?
7
Suppose 24*r + 30 = 198. Calculate the highest common divisor of 2 and r.
1
Suppose -4*k + 4 = -5*a, -k + 3*k = a - 4. Let u be k + 0 + 3 - -2. Let c be 114/(5 + -3)*u. What is the greatest common factor of c and 19?
19
Let k(p) = -2*p**2 + 43*p - 16. Let d be k(20). Calculate the greatest common divisor of 66 and d.
22
Suppose -t + 5*z = -15, -3*t + 26*z = 31*z - 105. Calculate the greatest common factor of t and 165.
15
Suppose 4*c = 5*r + 42, 2*c - 25 = r - 1. What is the greatest common factor of 130 and c?
13
Let l(p) = 4*p**2 - 4*p + 16. Let i(j) = 4*j**2 - 3*j + 17. Let y(b) = -5*i(b) + 6*l(b). Let f be y(5). What is the highest common divisor of 33 and f?
33
Let n = -401 - -516. What is the highest common divisor of n and 69?
23
Suppose -3*n + 58 = -4*s + 3*s, -2*n + 262 = -4*s. Let d = -48 - s. Suppose -21*l + 437 = 2*l. Calculate the greatest common divisor of d and l.
19
Let p be 186/30 + (-3)/15. What is the highest common divisor of 30 and p?
6
Suppose -5*b - f = -0*b - 364, 3*b - 4*f - 200 = 0. Let o be b + -1 + 4/4. Calculate the highest common factor of 8 and o.
8
Let i(w) = -9*w - 30. Let u be i(-6). What is the highest common factor of u and 456?
24
Let c be 968/1*4/(28/35). Suppose -3*u - c = -14*u. Calculate the highest common divisor of 40 and u.
40
Let j = -4 - -22. Suppose -8*d + 2*d + j = 0. Calculate the highest common factor of 1 and d.
1
Let b be 1289/(-1) + -1 + 2 + -2. Let m be b/(-25) - (-8)/20. Calculate the highest common divisor of m and 78.
26
Let g = 80 - 73. Suppose 0 = -5*o + 97 - g. What is the greatest common factor of o and 144?
18
Let w be 2/(-12) - 65/(-30). Suppose -1 = -w*p + p. Suppose -2*n + 0*n + f + 18 = 0, -16 = 4*f. Calculate the highest common factor of n and p.
1
Let j(t) = 8*t - 59. Let o be j(10). Calculate the greatest common factor of o and 126.
21
Let y(v) = v**3 + 9*v**2 + 3*v + 40. Let z be y(-7). Suppose 0 = 5*f - 7 - 3. Let k be f/(-4) - (-81)/6. What is the highest common factor of k and z?
13
Let s be (46/6)/(52/2964). What is the highest common factor of s and 19?
19
Let g(d) = -7*d**3 - d**2 + 4*d - 15. Let j be g(-3). Calculate the highest common divisor of j and 357.
51
Let x(m) = 9*m + 166. Let i be x(25). What is the greatest common factor of 115 and i?
23
Suppose -10*o = -7*o - 21. Calculate the highest common divisor of o and 91.
7
Let v be (-9)/6 - 372/(-24). What is the highest common divisor of v and 147?
7
Let v = -39 + 47. Suppose 28*y - 17*y - 88 = 0. Calculate the highest common factor of v and y.
8
Let w(o) be the third derivative of 0 + 0*o**4 + 0*o + 6*o**2 - 1/60*o**5 + 55/6*o**3. Let c be w(0). Calculate the highest common divisor of 11 and c.
11
Let w(g) = -19*g - 9. Let z be w(-15). Suppose p - a = 4*a + z, 2*p = -3*a + 578. Let x = p - 195. Calculate the greatest common factor of 13 and x.
13
Suppose 5*l - 3*j - 40 = 2*j, 20 = -5*j. Suppose -l*w - 4*c = -224, -w + 3*c - 54 = -2*w. Calculate the greatest common divisor of w and 19.
19
Let c(n) = -3*n + 8*n - 23 - n**3 + 5 - 7*n + 7*n**2. Let l be c(5). What is the highest common divisor of 176 and l?
22
Suppose 2*f - 141 = -85. Calculate the highest common factor of f and 196.
28
Suppose -6*d + 18 = -6. What is the greatest common divisor of 520 and d?
4
Let i be (-6)/((20/112)/(-5)). What is the greatest common divisor of 56 and i?
56
Suppose 0 = -5*d - 89*d + 21714. What is the highest common factor of 63 and d?
21
Suppose -413 = q - 416. Calculate the greatest common factor of q and 21.
3
Suppose 58*d + 56*d = 798. Calculate the greatest common divisor of d and 469.
7
Let r be (-731)/(-51) - (-1)/(-3). Suppose -r*j + 2160 = 2*j. What is the highest common divisor of j and 15?
15
Let x be 70/6 - (-8)/(-12). Let b be (-42)/12 + 81/18. What is the highest common divisor of x and b?
1
Let d = 164 - -41. What is the greatest common factor of 5 and d?
5
Suppose -c = -4*n + 2*n - 34, -c - 2*n = -14. Suppose 3*z + 10 = 52. Suppose -z - 34 = -4*p. Calculate the greatest common divisor of p and c.
12
Let z = -157 - -271. Suppose 0 = s - 5*s + 56. Suppose w - 5 = s. What is the highest common divisor of z and w?
19
Let t(a) = 6*a**2 + 2*a + 4. Let q be t(-5). Suppose -5*f = 5*b - 95, -5 + 4 = -f. Calculate the highest common factor of q and b.
18
Suppose 0*b + 540 = 3*b. Let c(g) = 196 - 14*g + 3*g**2 - 176 - 4*g**2. Let i be c(-14). Calculate the highest common divisor of b and i.
20
Let l = 1 - -4. Suppose l*u + 109 = -6. Let k = u - -26. Calculate the greatest common divisor of 24 and k.
3
Let r(n) = -2*n - 1. Let u be r(-1). Let b be -1 - (u + -1) - -1. Suppose b = h + 2*h - 165. Calculate the greatest common factor of h and 22.
11
Suppose -3*n - 487 = -502. What is the highest common divisor of n and 55?
5
Suppose -145 = -g + 8*p - 13*p, p - 326 = -2*g. Calculate the greatest common factor of 15 and g.
15
Let x = -184 - -265. Suppose -5*k = -r - 14, -4*k + 2*r = -r - 9. Suppose -2*a - 17 = -k*j, 0 = -3*a + 4*a - 5. What is the highest common divisor of j and x?
9
Suppose 0*g = 4*g - 616. Let p be ((-15)/40*-14)/(27/8 + -3). What is the highest common divisor of p and g?
14
Let g be (19*6)/(3*6/9). Suppose -2*s + 118 = 2*k, g = 5*k - 5*s - 288. What is the greatest common divisor of k and 16?
16
Let v be (3/9)/((-3)/(-243)). Let l = -19 - 29. Let z be (9/(-12))/(2/l). What is the greatest common factor of z and v?
9
Let o be ((-654)/10 - -1)*-5. Suppose 0 = -5*p + 28 + o. What is the greatest common factor of 35 and p?
35
Let q be 185 + 2 + -6 + (-5)/(-1). What is the greatest common divisor of q and 496?
62
Suppose -3*q - 2124 = -0*q. Let p be q/8*24/(-9). Suppose -160 = -2*w + p. What is the highest common divisor of w and 22?
22
Suppose -2*w - g = -46, -3*g - 41 + 11 = -2*w. Let f = -77 + 140. What is the highest common factor of f and w?
21
Let b be (-2 + 3)*13/1. Suppose 27 = 5*a - i, -2*i + i = 3*a - b. Let c(d) = 85*d - 165. Let z be c(2). What is the greatest common divisor of a and z?
5
Suppose 127 = i - z + 34, 5*i = 2*z + 465. Let a = i - -26. What is the greatest common divisor of 7 and a?
7
Let a be (12 - 0)*1/3. Suppose -a*g + 170 = 50. Let y(l) = -l**2 - 23*l + 23. Let s be y(-22). What is the greatest common divisor of g and s?
15
Let m(b) = -b**3 + 10*b**2 - 14*b + 150. Let d be m(9). Calculate the highest common divisor of 120 and d.
15
Let o(v) = 7*v**2 - 70*v + 19. Let i be o(10). Calculate the greatest common factor of i and 209.
19
Let m = 38 + 11. Let h be m/3 + (-1)/3. Calculate the highest common divisor of 32 and h.
16
Let q be 3/(-5) - (-658)/5. Let x = -107 + q. Calculate the highest common factor of 8 and x.
8
Let a(r) = 4*r**2 + 6*r + 2. Let d be a(-5). Suppose 0 = 14*z - 16*z + d. Suppose 7*n = 162 - z. What is the highest common divisor of n and 6?
6
Let s = 5105 + -2861. Calculate the highest common divisor of 132 and s.
132
Suppose -3*b + b + 4 = 0. Suppose 0*j + b*j = 120. Let n = 0 + j. Calculate the greatest common factor of 24 and n.
12
Let r(f) = 219*f**2 + 8*f - 34. Let d be r(2). What is the highest common factor of 312 and d?
78
Suppose 2*g - 27 = 5*y - 6*y, -5*g - 90 = -5*y. Let t = y + -18. Suppose -3*r = -36 + t. What is the highest common divisor of r and 55?
11
Let v be ((-45945)/4)/(-9) + 2/(-8). What is the highest common divisor of 44 and v?
44
Let t(p) = 2*p - 2. Let d be t(7). Let a(l) = l + 2. Let s be a(28). What is the highest common factor of s and d?
6
Suppose 4*k = -13 + 373. Suppose -4*j + k = -j. Calculate the highest common factor of j and 70.
10
Suppose -q + 4 = -10. Let z(g) = -4*g**2 + 10*g + 5*g**2 + g**2 + 2. Let f be z(-5). Calculate the greatest common factor of f and q.
2
Let i = 273 + -13. What is the greatest common divisor of 20 and i?
20
Let j be 172/8 - 4/8. What is the greatest common divisor of j and 987?
21
Let t(c) = -c - 3. Let z be t(-2). Let h be (-4*63/(-30))/(z/(-10)). Suppose 4*p + 138 + 46 = 3*o, -p = 4. Calculate the greatest common factor of h and o.
28
Suppose -3*i + 7*i - 40 = 0. Let t be 748/i + (-1)/(-5). What is the highest common divisor of 25 and t?
25
Let g(k) = k**3 + 6*k**2 - 7*k + 29. Let y be g(